nder when 5956 is divided by 11?
5
What is the remainder when 254 is divided by 80?
14
Calculate the remainder when 6799 is divided by 162.
157
Calculate the remainder when 338 is divided by 45.
23
What is the remainder when 2279 is divided by 6?
5
What is the remainder when 172 is divided by 95?
77
Calculate the remainder when 160 is divided by 20.
0
What is the remainder when 2973 is divided by 62?
59
What is the remainder when 1285 is divided by 118?
105
Calculate the remainder when 1168 is divided by 44.
24
What is the remainder when 19 is divided by 12?
7
Calculate the remainder when 415 is divided by 108.
91
What is the remainder when 9456 is divided by 11?
7
Calculate the remainder when 130 is divided by 127.
3
Calculate the remainder when 1180 is divided by 137.
84
Calculate the remainder when 634 is divided by 71.
66
What is the remainder when 195 is divided by 77?
41
Calculate the remainder when 12 is divided by 4.
0
Calculate the remainder when 116 is divided by 26.
12
What is the remainder when 197 is divided by 88?
21
Calculate the remainder when 20 is divided by 8.
4
What is the remainder when 6653 is divided by 121?
119
Calculate the remainder when 942 is divided by 303.
33
What is the remainder when 127 is divided by 3?
1
What is the remainder when 164 is divided by 45?
29
Calculate the remainder when 291 is divided by 187.
104
Calculate the remainder when 700 is divided by 142.
132
Calculate the remainder when 84 is divided by 18.
12
Calculate the remainder when 32 is divided by 5.
2
What is the remainder when 475 is divided by 6?
1
What is the remainder when 278 is divided by 71?
65
What is the remainder when 675 is divided by 194?
93
Calculate the remainder when 92 is divided by 49.
43
What is the remainder when 493 is divided by 40?
13
What is the remainder when 85 is divided by 27?
4
What is the remainder when 216 is divided by 55?
51
Calculate the remainder when 494 is divided by 11.
10
Calculate the remainder when 133 is divided by 43.
4
What is the remainder when 544 is divided by 26?
24
Calculate the remainder when 3616 is divided by 18.
16
What is the remainder when 24550 is divided by 62?
60
What is the remainder when 3640 is divided by 134?
22
Calculate the remainder when 23 is divided by 8.
7
Calculate the remainder when 71 is divided by 16.
7
Calculate the remainder when 1042 is divided by 211.
198
What is the remainder when 950 is divided by 639?
311
What is the remainder when 288 is divided by 13?
2
Calculate the remainder when 2010 is divided by 55.
30
What is the remainder when 2811 is divided by 74?
73
Calculate the remainder when 55 is divided by 29.
26
Calculate the remainder when 286 is divided by 7.
6
Calculate the remainder when 236 is divided by 82.
72
What is the remainder when 7917 is divided by 180?
177
What is the remainder when 874 is divided by 427?
20
What is the remainder when 15928 is divided by 177?
175
What is the remainder when 28550 is divided by 332?
330
Calculate the remainder when 513 is divided by 103.
101
What is the remainder when 28 is divided by 16?
12
What is the remainder when 320 is divided by 21?
5
What is the remainder when 161 is divided by 27?
26
Calculate the remainder when 108 is divided by 28.
24
Calculate the remainder when 242 is divided by 215.
27
What is the remainder when 35 is divided by 30?
5
Calculate the remainder when 695 is divided by 197.
104
Calculate the remainder when 1894 is divided by 146.
142
Calculate the remainder when 692 is divided by 58.
54
What is the remainder when 214 is divided by 24?
22
Calculate the remainder when 839 is divided by 170.
159
What is the remainder when 8 is divided by 3?
2
What is the remainder when 1949 is divided by 3?
2
What is the remainder when 586 is divided by 110?
36
What is the remainder when 861 is divided by 69?
33
Calculate the remainder when 1740 is divided by 133.
11
What is the remainder when 2403 is divided by 13?
11
Calculate the remainder when 4737 is divided by 237.
234
Calculate the remainder when 5658 is divided by 1880.
18
Calculate the remainder when 884 is divided by 440.
4
Calculate the remainder when 122 is divided by 24.
2
Calculate the remainder when 546 is divided by 119.
70
What is the remainder when 645 is divided by 12?
9
Calculate the remainder when 261 is divided by 12.
9
Calculate the remainder when 520 is divided by 159.
43
What is the remainder when 121 is divided by 104?
17
What is the remainder when 147 is divided by 45?
12
Calculate the remainder when 413 is divided by 31.
10
Calculate the remainder when 3850 is divided by 1924.
2
Calculate the remainder when 618 is divided by 10.
8
Calculate the remainder when 6607 is divided by 189.
181
Calculate the remainder when 359 is divided by 45.
44
What is the remainder when 162 is divided by 36?
18
What is the remainder when 5740 is divided by 2869?
2
Calculate the remainder when 193 is divided by 97.
96
Calculate the remainder when 37340 is divided by 107.
104
What is the remainder when 1816 is divided by 92?
68
Calculate the remainder when 903 is divided by 152.
143
Calculate the remainder when 292 is divided by 59.
56
What is the remainder when 1348 is divided by 154?
116
What is the remainder when 6010 is divided by 6?
4
Calculate the remainder when 54 is divided by 15.
9
Calculate the remainder when 83 is divided by 21.
20
Calculate the remainder when 59 is divided by 15.
14
What is the remainder when 78 is divided by 41?
37
What is the remainder when 512 is divided by 43?
39
What is the remainder when 66077 is divided by 80?
77
What is the remainder when 26 is divided by 10?
6
What is the remainder when 254 is divided by 19?
7
What is the remainder when 369 is divided by 71?
14
What is the remainder when 264 is divided by 252?
12
What is the remainder when 95 is divided by 27?
14
Calculate the remainder when 372 is divided by 371.
1
What is the remainder when 16 is divided by 3?
1
Calculate the remainder when 50578 is divided by 281.
279
What is the remainder when 2123 is divided by 668?
119
Calculate the remainder when 7206 is divided by 27.
24
What is the remainder when 193 is divided by 12?
1
Calculate the remainder when 1410 is divided by 665.
80
Calculate the remainder when 823 is divided by 119.
109
Calculate the remainder when 105 is divided by 54.
51
Calculate the remainder when 185 is divided by 17.
15
What is the remainder when 797 is divided by 142?
87
Calculate the remainder when 1576 is divided by 93.
88
What is the remainder when 594 is divided by 293?
8
What is the remainder when 504 is divided by 49?
14
Calculate the remainder when 3187 is divided by 266.
261
Calculate the remainder when 131 is divided by 36.
23
What is the remainder when 482 is divided by 97?
94
What is the remainder when 12 is divided by 5?
2
What is the remainder when 682 is divided by 115?
107
Calculate the remainder when 3531 is divided by 20.
11
What is the remainder when 5816 is divided by 7?
6
Calculate the remainder when 167 is divided by 31.
12
Calculate the remainder when 4154 is divided by 39.
20
What is the remainder when 1479 is divided by 83?
68
Calculate the remainder when 516 is divided by 137.
105
What is the remainder when 58 is divided by 10?
8
What is the remainder when 89 is divided by 67?
22
What is the remainder when 147 is divided by 45?
12
Calculate the remainder when 1789 is divided by 64.
61
What is the remainder when 176 is divided by 99?
77
What is the remainder when 89 is divided by 59?
30
Calculate the remainder when 6161 is divided by 6147.
14
What is the remainder when 607 is divided by 140?
47
Calculate the remainder when 2074 is divided by 11.
6
Calculate the remainder when 505 is divided by 35.
15
What is the remainder when 1307 is divided by 131?
128
Calculate the remainder when 845 is divided by 145.
120
What is the remainder when 459 is divided by 77?
74
What is the remainder when 898 is divided by 68?
14
Calculate the remainder when 1285 is divided by 143.
141
What is the remainder when 403 is divided by 24?
19
Calculate the remainder when 167 is divided by 78.
11
What is the remainder when 145 is divided by 31?
21
Calculate the remainder when 305 is divided by 62.
57
What is the remainder when 208 is divided by 